 the third derivative of q**5/60 - 5*q**4/12 - 67*q**3/3 - 11*q**2 + 9. Calculate the remainder when 295 is divided by f(19).
36
What is the remainder when (-528)/(-72)*(-1176)/(-16) is divided by 16?
11
Suppose -4*u + 17 = -71. Suppose -5*o + 1755 = -5*a - 0*o, -5*a - 1751 = -4*o. Let f = a + 407. What is the remainder when f is divided by u?
16
Suppose -4*m + 7*m - 78 = 0. Let t = m - 23. Suppose -t = -4*h + 7*h, 2*v - 5*h - 171 = 0. What is the remainder when v is divided by 14?
13
Let k be 81564/34 + 2/34. Suppose -k = 69*x - 6401. What is the remainder when x is divided by 37?
21
Let k be ((-6976)/(-96))/((-7)/3 - -3). Suppose -4*t + 4*u = -188, 27*u = -3*t + 22*u + k. Suppose 39 = 3*d - 9. Calculate the remainder when t is divided by d.
11
Let c(n) = 457*n**2 + 55*n + 136. What is the remainder when c(-2) is divided by 31?
25
Calculate the remainder when ((-28016)/(-510))/(8/60) is divided by 106.
94
Let i(c) = -15*c**2 - 325*c**3 + 326*c**3 + c - 9*c**2 - 20. Let u be i(24). Calculate the remainder when 2 + 48*u/3 is divided by 18.
12
Let q(f) = -f**2 - 30*f + 274. What is the remainder when 48 is divided by q(-37)?
3
Suppose a = 3*u + 2 - 11, -4*u + 12 = 2*a. Suppose 2*k + 4*p = 27 + u, p = k. What is the remainder when 38 is divided by 1 - k - (-8 - 2)?
2
Suppose -1177*k - 720 = 1173*k - 2358*k. Let r = 0 - -7. Calculate the remainder when k is divided by (-2)/(-7) - (-89)/r.
12
Let d = 1165 - 1158. Suppose h = 3*h + 5*v + 8, h + 3 = -2*v. Calculate the remainder when d is divided by h.
0
Let k be -5 - 17/(-3) - 139/(-3). Suppose 5*l + 0*l = 2*w + 67, 3 = -3*w. What is the remainder when (14 + -2 + -7)*k/5 is divided by l?
8
Suppose -2*m - 2*m + 3*b - 7 = 0, 0 = 4*b - 20. Let h(w) be the first derivative of 7*w**2 - 8*w - 74. Calculate the remainder when 217 is divided by h(m).
17
Suppose -q + 22 = 245. Let p = 233 + q. Calculate the remainder when 387 is divided by p.
7
Suppose 10*l = 6*l - 24. Let d be 3/l*-78 + (-1 - 2). Calculate the remainder when 6 is divided by 50/13 + d/234.
2
Let f be (-6)/(-21) - (-150)/(-35). Let z be (7 + 0)/1 + f. Suppose 0 = -z*a - 23 + 170. Calculate the remainder when a is divided by 13.
10
Suppose 1 = 4*j - 11. Suppose -22 = -d + a, a - 94 = -4*d + j*a. Let o = -41 + 54. Calculate the remainder when d is divided by o.
12
Let c be ((-185)/74)/((-1)/2). Suppose 5*p - c - 47 = -3*g, -5*g + 5*p = -60. Calculate the remainder when 293 is divided by g.
13
Let v(w) = w**3 - 13*w**2 - 10. Let z be v(13). Let j = z + 25. Let r = j + 2. Calculate the remainder when 84 is divided by r.
16
Let n(z) = 167*z - 89. Let y be n(2). Let x = y + 6. Calculate the remainder when x is divided by 84.
83
Suppose 532 = 2*s + f, 3*s + 2*f - 90 = 710. What is the remainder when s is divided by 23?
11
Calculate the remainder when (-46)/4*6*143/(-39) is divided by 127.
126
Let z = -14 - 124. Let d = -116 - z. Calculate the remainder when 82 is divided by d.
16
Let c = -936 - -973. Calculate the remainder when 184 is divided by c.
36
Calculate the remainder when (-4)/20 - 508/(-60)*(-1 - -40) is divided by 74.
34
Let j(p) = -37*p - 643. What is the remainder when j(-25) is divided by 92?
6
Let k(l) = -l**3 + l**2 - 2. Let y be 3*-194*4/(-24). Let n = -31 + y. What is the remainder when n is divided by k(-3)?
32
Suppose -4*y + 40 = -4*v, -83*v = 5*y - 87*v - 55. Calculate the remainder when 1480 is divided by y.
10
Suppose -805*l + 812*l = 504. Calculate the remainder when 1279 is divided by l.
55
Suppose -1726*f + 4008 = -1702*f. What is the remainder when 1683 is divided by f?
13
Let j = -10 + 14. Let r = 501 - 482. What is the remainder when r is divided by j?
3
Suppose -5*c - 6 = -46. Suppose 11*j - 399 = c*j. Calculate the remainder when j is divided by 1/((-10)/4) + (-274)/(-10).
25
Suppose -3*i - 2*d = 2633, -2641 = 3*i + 12*d - 8*d. Let u = i + 886. What is the remainder when 547 is divided by u?
8
Calculate the remainder when 202 is divided by (-140)/(-630) + ((-304)/(-9) - -1).
27
Let x = 4216 - 3872. Calculate the remainder when 2069 is divided by x.
5
Let x(a) = -125 + 7*a - 99 - 5*a + 12*a + 0*a. Calculate the remainder when 23 is divided by x(17).
9
Let o(n) = 386 - 194 - 191 - 3*n**2 - 12*n. What is the remainder when o(-3) is divided by 3?
1
Suppose -63*w + 59*w = -2*a + 82, -a - 1 = 4*w. What is the remainder when 9525 is divided by a?
21
Suppose 5*t - 175 = -3*l + 4*l, 3*l = -4*t + 140. What is the remainder when (-15 - (31 + -50))*243/4 is divided by t?
33
Suppose -809 - 582 = -47*i - 451. What is the remainder when 116 is divided by i?
16
Let f = 94 - 215. Let z = f - -128. Suppose 2*h + 4 = 3*h. Calculate the remainder when z is divided by h.
3
Let l = -51107 - -51158. Suppose 0*f = -5*f + 2*x + 97, -3*f - 4*x = -53. What is the remainder when l is divided by f?
13
Suppose -5*o + 2*u + 520 = 0, -4*o = -u - 249 - 164. What is the remainder when 198 is divided by o?
96
What is the remainder when 1508 is divided by (-19 - 0)/(6/(-42))?
45
Let h = 6410 + -5254. What is the remainder when h is divided by 48?
4
Let t(b) = -2198*b + 15768. Suppose -3*f = -f - 64. What is the remainder when t(7) is divided by f?
30
Let i be 4 + -1 + 0 + -173. Let l = -102 - i. What is the remainder when l is divided by 19?
11
Suppose 0 = -330*d + 380*d - 18650. Calculate the remainder when d is divided by 106.
55
Let s(o) = 10*o + 13*o**2 - 764 + 367 + 355. Let q(z) = 5*z**2 - 3*z. Calculate the remainder when s(3) is divided by q(3).
33
Let t(m) = 2*m**2 + 39*m + 486. What is the remainder when t(-9) is divided by 48?
9
Suppose 3*t + 66 = 4*k, 4*k - t - 52 = -5*t. Suppose -10 = -z + 3. Calculate the remainder when 380/k*1*3 is divided by z.
11
Let r(b) = b**3 + 38*b**2 + 52*b + 786. Calculate the remainder when 496 is divided by r(-37).
34
Let u(h) = h**2 + 7*h + 3. Let w be u(-7). Suppose -4*y - 5*x + 91 = 0, 2*y - 4*y + w*x + 29 = 0. What is the remainder when y is divided by 0/(0 + 5) - -4?
3
Let c be 82*(-2)/8*2. Let b = -43 - c. What is the remainder when (-34 + -1)/(b/4) is divided by 36?
34
Let a = 61 - -8. Let k be 35 + (16/(-12) - 7/(-3)). Suppose -5*b + b - h + 72 = 0, 2*b - 4*h = k. What is the remainder when a is divided by b?
15
Suppose 24*f - 3065 = -24*f + 7. Suppose -c + 53 = z + 2*c, 4*z + 2*c = 202. Let b = f - z. Calculate the remainder when 111 is divided by b.
13
Let j(u) = 6*u**2 - 3*u + 42. Let w be j(9). Let s = 629 - w. What is the remainder when s is divided by 46?
36
Suppose -15*c + 302 = -13*c - 4*g, -c = 3*g - 126. Calculate the remainder when c is divided by 105.
36
Let g(d) = 16*d - 46. Let v be g(3). Suppose 5*u - 376 = 2*c, -c = -v - 0. Calculate the remainder when 226 is divided by u.
74
Let s(w) = 2*w**2 + 11*w - 108. Let a be s(-12). Suppose 2*c + 2*p - a = 0, -9*c - 20 = -11*c + 5*p. What is the remainder when 159 is divided by c?
19
Suppose -18 = 27*f - 29*f. Let c = 29 - f. Calculate the remainder when 197 is divided by c.
17
Let z = 63 - 21. Let n(o) = 14*o**2 - 95*o - 29. What is the remainder when n(9) is divided by z?
40
Let b(r) = -5*r - 22. Suppose 11 = -3*p + 4*x - 0*x, -4*x = -4*p - 20. Calculate the remainder when 112 is divided by b(p).
20
Suppose 146 = 11*n - 8*n + i, i = -1. What is the remainder when n is divided by 26?
23
Suppose 18*i + b = 19*i - 86, -5*i - 5*b = -440. Calculate the remainder when i is divided by 31.
25
Let p = 4 - 3. Let b = 1807 + -1764. What is the remainder when b is divided by -1 + p + (13 - -2)?
13
Let u be 1 + -6 + 4 - -4. Suppose -5*a + 2*a = -4*d - 42, 5*d - 42 = -u*a. Calculate the remainder when 30 is divided by a.
2
Let p(y) = 24*y - 6. Suppose -h - 1 = k, -4*h + h - 5 = k. Calculate the remainder when 214 is divided by p(k).
16
What is the remainder when 424 is divided by (-6215)/226*28/(-10)?
39
What is the remainder when 539 is divided by (4 - -1)/((-45)/(-162))?
17
Let d(l) = l**2 - l - 39. Let t be d(7). Suppose b + 28 = t*b - 4*q, 0 = -q + 2. What is the remainder when 51 is divided by b?
15
Let k(j) = -j**3 - j**2 - 5*j - 16. Let m be k(-3). Suppose 22*x - 1115 = m*x. What is the remainder when x is divided by 25?
23
Suppose -5*b - 2*y + 3 = -15, 3*y - 9 = -3*b. Suppose -2*p = b*j - 52 - 6, 41 = 3*j + 4*p. Calculate the remainder when (-87)/